of 600 and f?
40
Let q(t) = 2*t**3 + 19*t**2 + 7*t - 4. Let u be q(-9). Let g be 5/(35/(-2)) - (-564)/u. What is the highest common divisor of g and 20?
20
Suppose -4*d - 11*d - 16*d = -108562. What is the greatest common divisor of 103 and d?
103
Let d be (519 - (-9 + 3)) + 3 + -1. Suppose d = -10*r + 2297. Let l = 111 + r. What is the highest common divisor of l and 32?
32
Let z be 12/(-15)*15/(-2). Suppose 3*n = t - 625, 5*n + 1871 = 126*t - 123*t. Let f = -604 + t. What is the highest common factor of z and f?
6
Let l = 3887 - 2799. Calculate the highest common divisor of 748 and l.
68
Suppose 0 = 2*h, h + 76 = -5*m - 314. Let u be ((-14)/(-12))/(-7) + (-1261)/m. Calculate the greatest common factor of u and 2.
2
Let g be (2124/10)/2 - (-24)/(-120). Suppose -g*c = -108*c + 98. What is the greatest common factor of c and 98?
49
Let w(u) be the first derivative of 3*u**2/2 + 22*u - 4. Let b be w(16). Calculate the highest common divisor of b and 14.
14
Let t = 14 + -14. Suppose 2*x + 50 = -t*x. Let y = x - -26. Calculate the greatest common divisor of 5 and y.
1
Suppose -2*c - 2*f + 71 + 69 = 0, 3*f + 315 = 4*c. What is the highest common factor of 3150 and c?
75
Let x be 2256/(-20)*-15*(-46)/(-12). Calculate the highest common factor of 368 and x.
46
Suppose 15 = 5*w, -3*t - 2*w - 85 + 547 = 0. Calculate the highest common divisor of 7638 and t.
38
Let o(q) = -q**3 - 2*q**2 + 6*q - 1. Let j be o(-3). Let n = j - -26. Let d be (-4*308/(-55))/((-2)/(-10)). Calculate the highest common divisor of n and d.
16
Let j be (574/2)/(0 + 1). Let r = 14341 - 14300. What is the highest common divisor of j and r?
41
Let y = -13696 - -13775. What is the highest common divisor of y and 6241?
79
Let j be -3*-1*803/33. What is the highest common factor of j and 146?
73
Let k(u) = -295*u - 50. Let g be k(-2). What is the greatest common factor of g and 160?
20
Suppose -13*u = -7*u - 30. Suppose -u*x + 13*x = 0. Suppose 5*o + x*o = 95. What is the highest common factor of 209 and o?
19
Let h be (-2)/4*6 - 10. Let f = h - -10. Let w be 7 + (1 - -2)/f. Calculate the greatest common divisor of 6 and w.
6
Let q = -3056 + 3920. Calculate the greatest common factor of 81 and q.
27
Suppose -2*k = 4*h - 2814, -9*h + k = -5*h - 2811. Let q = h + -191. Calculate the greatest common factor of q and 16.
16
Suppose 4*p - 2*p - l = 77, 3*p - 5*l = 105. Let z = 132057 + -132047. What is the greatest common divisor of p and z?
10
Let c(i) = -5*i**3 - 2*i**2 + 5*i + 6. Let s be c(-3). Let j be 66/18 - 14/21. Calculate the highest common factor of j and s.
3
Suppose -42*b = -47*b + 265. Let j = 57 - b. Suppose 4 = 5*q - j*q. Calculate the highest common divisor of q and 44.
4
Suppose -3*w - 15 = 0, 5*w + 419 = 3*q - 326. Suppose -8*o + 2*o + q = 0. Let v = -20 - -220. Calculate the greatest common factor of v and o.
40
Let l(u) = -39*u + 11. Let k be l(-3). Suppose -2*x + 277 = -363. Calculate the highest common factor of k and x.
64
Let s be 0*5/15*1. Suppose 26*i - 44 = 24*i - 2*p, s = -4*i - p + 76. Calculate the highest common divisor of i and 54.
18
Let p(i) = 35*i**2 - 41*i + 92. Let c be p(2). Calculate the highest common divisor of c and 4150.
50
Let m be (-27722 - -2)/(-15) + 12. What is the highest common factor of 180 and m?
60
Suppose -9*a = -31 + 4. Let u be 15 + 6/(((-33)/2)/(-11)). What is the greatest common factor of u and a?
1
Let q = 2270 + 910. Calculate the greatest common factor of 477 and q.
159
Suppose 3*w + y = -0*y + 762, -498 = -2*w - 4*y. Let t(k) = 16*k**3 - 127*k**2 - 13*k + 74. Let h be t(8). What is the highest common divisor of w and h?
17
Suppose 50*p + 157*p - 1689 = 3693. What is the greatest common factor of p and 16718?
26
Let q be (0 - -12)*42/9. Let v(f) = 3634*f + 25459. Let j be v(-7). What is the highest common factor of j and q?
7
Let b(l) = -l**3 - 24*l**2 - 8*l - 39. Let c be b(-24). Let i = -153 - -301. Suppose 3*k - i = -97. What is the highest common divisor of c and k?
17
Suppose 0 = -7*w - 4 + 32. Suppose 4*f = -w*q + 116, 70 + 32 = 4*f - 3*q. Suppose 6*h = f + 21. Calculate the greatest common divisor of 88 and h.
8
Let u = -667 - -706. Let x = -191 + -149. Let a = x + 613. What is the highest common divisor of u and a?
39
Let c(z) = 6*z**3 - 4*z**2 + 3*z + 4. Let d be c(2). Let o = 44 - d. Suppose 46*f = 45*f + o. What is the highest common factor of 14 and f?
2
Let n(f) = f**3 + 4*f**2 - 7*f - 5. Let k be n(-5). Suppose -3*s = -4*s - 121. Let p be s/(-22) + (10/(-4))/5. Calculate the greatest common factor of k and p.
5
Let n(h) = 11*h - h**2 + 0*h**2 - 1256 + 1266. Let j be n(11). Suppose 2*p - 20 + 0 = 0. What is the greatest common divisor of j and p?
10
Let d = -214 + 216. Let y be (-666)/(-21) + d/7. What is the highest common factor of 48 and y?
16
Let g = 811 - -34. Suppose g = 8*l + 61. Let o(p) = 4*p**2 + 8*p - 7. Let j be o(-9). Calculate the highest common factor of l and j.
49
Suppose 5*r + 3*x - 85 = 0, -18*r - 75 = -22*r - x. Suppose 0 = 3*b + r - 5, -4*y + 4*b = -1784. Calculate the highest common divisor of y and 49.
49
Suppose 0 = 6*g + 12*g - 14624 + 224. What is the highest common factor of g and 464?
16
Let m(q) = -8*q - 21. Let x be m(6). Let h be (65/39)/(-2 + (-139)/x). Let t = h + -85. What is the greatest common divisor of t and 12?
6
Let p = -1122 + 1575. Let n(a) = -p + a**2 + 6*a + 236 + 231. Let o be n(-10). Calculate the highest common divisor of 27 and o.
27
Suppose -46*g + 2386 = 776. Calculate the highest common factor of 135 and g.
5
Suppose 0 = 2*n + 10, z + n - 53 = 5*n. Suppose 45 = f + z. What is the highest common divisor of 48 and f?
12
Let p = 32 + -35. Let m be (-4 - p)/((-4)/372). Calculate the highest common divisor of m and 3.
3
Let r = 287 - 294. Let t be -7 + 10 + (r - -14). What is the highest common factor of 130 and t?
10
Suppose 226*v = 107821 - 20133. Calculate the greatest common factor of v and 2619.
97
Let b(g) be the second derivative of 2*g**3/3 + 17*g**2 - 37*g. Let o be b(7). What is the greatest common divisor of o and 496?
62
Suppose -3*v + 3*i = 45, -4*i + 36 - 16 = 0. Let a(h) = 6*h + 77. Let w be a(v). Calculate the greatest common factor of 51 and w.
17
Let q be (-76 + 96)/((-8)/(-364)). Calculate the greatest common divisor of q and 1456.
182
Suppose 0*h = 3*h - 42. Suppose -4*i + 2*p = 12, 0*i + 2*i = -3*p - h. Let b be 9 - i*3/(-12). What is the highest common divisor of b and 1?
1
Let g(t) = 4*t**3 - 4*t**2 - t + 4. Let z be g(3). Suppose z + 29 = 6*i. Calculate the highest common factor of i and 187.
17
Let h(w) = -72*w - 183. Let u be h(-7). Suppose -u*v + 314*v + 140 = 0. Calculate the greatest common factor of 380 and v.
20
Let t be 21/14*-4 - -68. Suppose -i + t = s - 28, 0 = i + 3*s - 80. Calculate the greatest common divisor of 19 and i.
19
Suppose -21167 + 54827 = 87*m - 48468. Calculate the greatest common factor of m and 32.
16
Let s be (1 - (-4784)/(-32))*(-1 + (-3)/(-9)). Calculate the highest common divisor of 351 and s.
9
Let m = -19350 + 19399. What is the highest common divisor of m and 882?
49
Let o be (-3 - 299/(-1)) + 1. Calculate the greatest common divisor of 22 and o.
11
Let m be (-238)/51*(-42)/(-4). Let h be (-4)/(-16) - (-275)/4. Let j = m + h. What is the highest common divisor of 160 and j?
20
Suppose -21*h + 756 = -15*h + 21*h. Calculate the greatest common factor of h and 1134.
14
Let j = -130 + 132. Suppose 3*l = -5*k + 124, -j*l - 5*k + 28 = -l. What is the highest common factor of l and 192?
48
Let f be (33/(-1))/1 + -2. Let i be f/14*(0 + -18). Suppose 0 = 56*w - 8*w - 864. What is the greatest common factor of w and i?
9
Let z be (286/10 - 1)/(122/2135). Let h = z + -92. What is the highest common factor of 34 and h?
17
Suppose -1828*n + 1826*n = 12. Let w(h) = -4*h**3 - 23*h**2 + 9*h + 45. Let m be w(n). Let d be 1 - 1*(-106 - 1). What is the greatest common factor of m and d?
27
Suppose 2*m = -8, 13*i - 5*m + 2255 = 18*i. Calculate the highest common factor of 105 and i.
35
Suppose -254*i - 282*i + 406 = -478*i. Suppose -3 = -2*b + 11. Suppose -3*v + b = h, 0 = 2*h + 4*v - 18 + 4. Calculate the greatest common factor of h and i.
7
Suppose -1658 + 1675 = 17*g. What is the highest common divisor of 249 and g?
1
Let w(k